t the prime factors of 387229119.
3, 139, 928607
List the prime factors of 3313371851.
479, 1543, 4483
What are the prime factors of 471264407?
471264407
What are the prime factors of 1136072631?
3, 378690877
List the prime factors of 57159434.
2, 313, 91309
List the prime factors of 15429913.
1381, 11173
What are the prime factors of 12226437?
3, 452831
List the prime factors of 43232376.
2, 3, 11, 83, 1973
List the prime factors of 3941044.
2, 47, 20963
List the prime factors of 51252994.
2, 13, 17, 19, 359
What are the prime factors of 15717284?
2, 11, 357211
What are the prime factors of 304500894?
2, 3, 50750149
List the prime factors of 7915961.
173, 45757
List the prime factors of 689604549.
3, 229868183
List the prime factors of 246952884.
2, 3, 20579407
List the prime factors of 1190670572.
2, 7, 13, 251621
What are the prime factors of 226982966?
2, 7, 16213069
What are the prime factors of 229433861?
229433861
List the prime factors of 1907566889.
17, 3307, 33931
List the prime factors of 485358574.
2, 41, 967, 6121
What are the prime factors of 855186468?
2, 3, 1277, 55807
List the prime factors of 531914401.
467, 1139003
List the prime factors of 461955415.
5, 92391083
List the prime factors of 103155478.
2, 67, 251, 3067
List the prime factors of 36355998.
2, 3, 7, 865619
What are the prime factors of 221239256?
2, 7, 3950701
What are the prime factors of 28321066?
2, 14160533
List the prime factors of 184739705.
5, 37, 137, 197
What are the prime factors of 1363739836?
2, 199, 349, 4909
What are the prime factors of 11797670?
2, 5, 19, 31, 2003
What are the prime factors of 78387748?
2, 17, 1152761
What are the prime factors of 41837384?
2, 41, 229, 557
What are the prime factors of 80806859?
7, 41, 281557
What are the prime factors of 362316389?
421, 860609
What are the prime factors of 106447586?
2, 7, 7603399
What are the prime factors of 79118547?
3, 26372849
List the prime factors of 83643768.
2, 3, 13, 89363
What are the prime factors of 144973852?
2, 3049, 11887
What are the prime factors of 358231229?
29, 653, 18917
What are the prime factors of 1344324665?
5, 8599, 31267
What are the prime factors of 112808155?
5, 22561631
What are the prime factors of 256714876?
2, 11, 1031, 5659
List the prime factors of 796167475.
5, 31846699
List the prime factors of 817345308.
2, 3, 13, 5239393
What are the prime factors of 2745322161?
3, 915107387
List the prime factors of 2148789380.
2, 5, 5113, 21013
What are the prime factors of 35152206?
2, 3, 5858701
List the prime factors of 4283161191.
3, 16607, 28657
List the prime factors of 2303284291.
7, 11, 19, 1574357
What are the prime factors of 861966669?
3, 14321, 20063
What are the prime factors of 132093719?
19, 73, 131, 727
List the prime factors of 21443377.
137, 156521
List the prime factors of 205424488.
2, 281, 91381
List the prime factors of 147137859.
3, 11, 1486241
What are the prime factors of 89423255?
5, 41, 61, 7151
What are the prime factors of 247125832?
2, 30890729
What are the prime factors of 489832357?
7, 23, 3042437
List the prime factors of 619109605.
5, 571, 216851
List the prime factors of 23357815.
5, 13, 43, 61, 137
List the prime factors of 35025445.
5, 7, 13, 1571
What are the prime factors of 786688606?
2, 11, 35758573
List the prime factors of 762837701.
229, 3331169
List the prime factors of 106304767.
5059, 21013
List the prime factors of 2760834.
2, 3, 17, 27067
List the prime factors of 2213302751.
11, 43, 4679287
What are the prime factors of 408793055?
5, 11, 109, 6199
List the prime factors of 3398987613.
3, 7, 161856553
What are the prime factors of 41072315?
5, 1231, 6673
List the prime factors of 67852975.
5, 857, 3167
What are the prime factors of 735657639?
3, 101, 139, 17467
List the prime factors of 641184141.
3, 13, 1264663
What are the prime factors of 1114506284?
2, 15937, 17483
What are the prime factors of 631514625?
3, 5, 7, 113, 2129
What are the prime factors of 289833082?
2, 7, 11, 61, 30853
List the prime factors of 79883530.
2, 5, 151, 52903
List the prime factors of 950996719.
950996719
What are the prime factors of 3034277937?
3, 131, 1039, 2477
What are the prime factors of 116554528?
2, 113, 32233
What are the prime factors of 308893088?
2, 7, 547, 2521
What are the prime factors of 817649198?
2, 7699, 53101
What are the prime factors of 5817441831?
3, 19, 59, 661, 2617
List the prime factors of 6403077921.
3, 2134359307
List the prime factors of 558425269.
558425269
What are the prime factors of 1447008245?
5, 109, 2655061
List the prime factors of 792876388.
2, 211, 463, 2029
What are the prime factors of 134268161?
31, 1031, 4201
What are the prime factors of 16646392?
2, 7, 297257
What are the prime factors of 101797525?
5, 173, 23537
What are the prime factors of 899190518?
2, 67, 6710377
What are the prime factors of 148912786?
2, 11, 751, 9013
List the prime factors of 82798952.
2, 79, 131011
List the prime factors of 714495711.
3, 11719, 20323
List the prime factors of 1075737415.
5, 215147483
What are the prime factors of 825401584?
2, 7, 7369657
What are the prime factors of 11546782?
2, 13, 23, 19309
List the prime factors of 2788671135.
3, 5, 19, 9784811
List the prime factors of 6429958.
2, 31, 137, 757
What are the prime factors of 602221896?
2, 3, 8364193
List the prime factors of 1196253388.
2, 11, 27187577
List the prime factors of 8294692.
2, 7, 59, 5021
What are the prime factors of 2125180729?
7, 37, 1613, 5087
List the prime factors of 89852518.
2, 7, 6418037
What are the prime factors of 14655366?
2, 3, 11, 74017
List the prime factors of 116287190.
2, 5, 11628719
List the prime factors of 40461528.
2, 3, 1685897
List the prime factors of 5391786613.
97, 55585429
List the prime factors of 40907491.
17, 43, 107, 523
List the prime factors of 196974316.
2, 7, 11, 103, 887
List the prime factors of 489952816.
2, 37, 47, 17609
List the prime factors of 350807683.
350807683
What are the prime factors of 73068993?
3, 487, 5557
List the prime factors of 3782339638.
2, 7, 11, 24560647
List the prime factors of 89571883.
521, 171923
What are the prime factors of 2053763779?
199, 2297, 4493
What are the prime factors of 362984152?
2, 41, 251, 4409
What are the prime factors of 11913422?
2, 61, 97651
List the prime factors of 7751027.
331, 23417
What are the prime factors of 1632183089?
359, 4546471
List the prime factors of 1698517372.
2, 43, 587, 16823
List the prime factors of 2841287818.
2, 29, 48987721
List the prime factors of 40669154.
2, 20334577
List the prime factors of 37996137.
3, 113, 37361
List the prime factors of 890107574.
2, 977, 455531
List the prime factors of 62727685.
5, 1321, 9497
List the prime factors of 93992179.
93992179
What are the prime factors of 224344760?
2, 5, 23, 43, 53, 107
List the prime factors of 220230225.
3, 5, 431, 757
List the prime factors of 487883383.
13, 23, 293, 5569
What are the prime factors of 1548475852?
2, 7, 11, 709, 1013
List the prime factors of 5080277123.
109, 5273, 8839
What are the prime factors of 370178456?
2, 46272307
List the prime factors of 1279292663.
11, 116299333
What are the prime factors of 477599850?
2, 3, 5, 7, 13, 107, 109
List the prime factors of 91028774.
2, 41, 127, 8741
List the prime factors of 26699715.
3, 5, 7, 84761
List the prime factors of 1409065668.
2, 3, 199, 196687
List the prime factors of 442245864.
2, 3, 137, 134503
What are the prime factors of 95454349?
661, 144409
What are the prime factors of 56898609?
3, 17, 29, 31, 73
List the prime factors of 5096430215.
5, 103, 9895981
What are the prime factors of 24621963?
3, 619, 13259
What are the prime factors of 59762573?
13, 83, 97, 571
What are the prime factors of 62114189?
229, 271241
List the prime factors of 83537280.
2, 3, 5, 14503
What are the prime factors of 71474?
2, 13, 2749
List the prime factors of 141832760.
2, 5, 3545819
What are the prime factors of 240011092?
2, 281, 213533
What are the prime factors of 589677956?
2, 7, 23, 130807
List the prime factors of 34171016.
2, 11, 89, 4363
What are the prime factors of 115558734?
2, 3, 19259789
What are the prime factors of 877306?
2, 19, 23087
What are the prime factors of 347780653?
11, 31616423
List the pri